{"id":56,"date":"2024-02-10T09:59:10","date_gmt":"2024-02-10T08:59:10","guid":{"rendered":"https:\/\/canperetdelmoli.cat\/horta\/?page_id=56"},"modified":"2024-02-10T20:12:59","modified_gmt":"2024-02-10T19:12:59","slug":"qui-som","status":"publish","type":"page","link":"https:\/\/canperetdelmoli.cat\/horta\/qui-som\/","title":{"rendered":"Qui Som"},"content":{"rendered":"\n<p class=\"has-medium-font-size\">Som l\u2019Arnau i la Carla. A l\u2019estiu del 2022 ens vam mudar a Can Peret del Mol\u00ed, una masia a la vall del Ser de Seriny\u00e0, al Pla de l\u2019Estany. Aqu\u00ed \u00e9s on tenim l\u2019horta, l\u2019hivernacle on ens fem el planter i on ens acompanyen euges i ases.<br>Va ser al 2022 quan vam fer el tancat per l\u2019hort per evitar intrusos i on vam preparar la terra per comen\u00e7ar a cultivar.<br>El 2023 va ser el primer any sencer de cultivar la terra i obtenir verdures. Com ens va anar espl\u00e8ndidament b\u00e9, ens sentim amb capacitat i ganes d\u2019oferir les nostres verdures. <\/p>\n\n\n\n<p class=\"has-medium-font-size\">De fet vam vendre l\u2019excedent en cistelles amb verdura variada acabada de collir. Creiem en la venda directa sense intermediaris, perqu\u00e8 ens agrada la relaci\u00f3 amb el client, cosa que valorem molt. <\/p>\n\n\n\n<p class=\"has-medium-font-size\">Ens agrada poder-vos oferir una verdures de qualitat i acabats de collir.<\/p>\n\n\n\n<figure data-wp-context=\"{&quot;imageId&quot;:&quot;69f2776f7157c&quot;}\" data-wp-interactive=\"core\/image\" data-wp-key=\"69f2776f7157c\" class=\"wp-block-image size-large is-resized wp-lightbox-container\"><img loading=\"lazy\" decoding=\"async\" width=\"768\" height=\"1024\" data-wp-class--hide=\"state.isContentHidden\" data-wp-class--show=\"state.isContentVisible\" data-wp-init=\"callbacks.setButtonStyles\" data-wp-on--click=\"actions.showLightbox\" data-wp-on--load=\"callbacks.setButtonStyles\" data-wp-on-window--resize=\"callbacks.setButtonStyles\" src=\"https:\/\/canperetdelmoli.cat\/horta\/wp-content\/uploads\/2024\/02\/IMG-20230306-WA0001-768x1024.jpg\" alt=\"\" class=\"wp-image-57\" style=\"width:1500px\" srcset=\"https:\/\/canperetdelmoli.cat\/horta\/wp-content\/uploads\/2024\/02\/IMG-20230306-WA0001-768x1024.jpg 768w, https:\/\/canperetdelmoli.cat\/horta\/wp-content\/uploads\/2024\/02\/IMG-20230306-WA0001-225x300.jpg 225w, https:\/\/canperetdelmoli.cat\/horta\/wp-content\/uploads\/2024\/02\/IMG-20230306-WA0001-1152x1536.jpg 1152w, https:\/\/canperetdelmoli.cat\/horta\/wp-content\/uploads\/2024\/02\/IMG-20230306-WA0001.jpg 1200w\" sizes=\"auto, (max-width: 768px) 100vw, 768px\" \/><button\n\t\t\tclass=\"lightbox-trigger\"\n\t\t\ttype=\"button\"\n\t\t\taria-haspopup=\"dialog\"\n\t\t\taria-label=\"Amplia\"\n\t\t\tdata-wp-init=\"callbacks.initTriggerButton\"\n\t\t\tdata-wp-on--click=\"actions.showLightbox\"\n\t\t\tdata-wp-style--right=\"state.imageButtonRight\"\n\t\t\tdata-wp-style--top=\"state.imageButtonTop\"\n\t\t>\n\t\t\t<svg xmlns=\"http:\/\/www.w3.org\/2000\/svg\" width=\"12\" height=\"12\" fill=\"none\" viewBox=\"0 0 12 12\">\n\t\t\t\t<path fill=\"#fff\" d=\"M2 0a2 2 0 0 0-2 2v2h1.5V2a.5.5 0 0 1 .5-.5h2V0H2Zm2 10.5H2a.5.5 0 0 1-.5-.5V8H0v2a2 2 0 0 0 2 2h2v-1.5ZM8 12v-1.5h2a.5.5 0 0 0 .5-.5V8H12v2a2 2 0 0 1-2 2H8Zm2-12a2 2 0 0 1 2 2v2h-1.5V2a.5.5 0 0 0-.5-.5H8V0h2Z\" \/>\n\t\t\t<\/svg>\n\t\t<\/button><\/figure>\n","protected":false},"excerpt":{"rendered":"<p>Som l\u2019Arnau i la Carla. A l\u2019estiu del 2022 ens vam mudar a Can Peret del Mol\u00ed, una masia a la vall del Ser de Seriny\u00e0, al Pla de l\u2019Estany. Aqu\u00ed \u00e9s on tenim l\u2019horta, l\u2019hivernacle on ens fem el planter i on ens acompanyen euges i ases.Va ser al 2022 quan vam fer el &#8230; <a title=\"Qui Som\" class=\"read-more\" href=\"https:\/\/canperetdelmoli.cat\/horta\/qui-som\/\" aria-label=\"M\u00e9s informaci\u00f3 sobre Qui Som\">Llegiu m\u00e9s<\/a><\/p>\n","protected":false},"author":1,"featured_media":0,"parent":0,"menu_order":0,"comment_status":"closed","ping_status":"closed","template":"","meta":{"footnotes":""},"class_list":["post-56","page","type-page","status-publish"],"yoast_head":"<!-- This site is optimized with the Yoast SEO plugin v22.3 - https:\/\/yoast.com\/wordpress\/plugins\/seo\/ -->\n<title>Qui Som -<\/title>\n<meta name=\"robots\" content=\"index, follow, max-snippet:-1, max-image-preview:large, max-video-preview:-1\" \/>\n<link rel=\"canonical\" href=\"https:\/\/canperetdelmoli.cat\/horta\/qui-som\/\" \/>\n<meta property=\"og:locale\" content=\"ca_ES\" \/>\n<meta property=\"og:type\" content=\"article\" \/>\n<meta property=\"og:title\" content=\"Qui Som -\" \/>\n<meta property=\"og:description\" content=\"Som l\u2019Arnau i la Carla. A l\u2019estiu del 2022 ens vam mudar a Can Peret del Mol\u00ed, una masia a la vall del Ser de Seriny\u00e0, al Pla de l\u2019Estany. Aqu\u00ed \u00e9s on tenim l\u2019horta, l\u2019hivernacle on ens fem el planter i on ens acompanyen euges i ases.Va ser al 2022 quan vam fer el ... Llegiu m\u00e9s\" \/>\n<meta property=\"og:url\" content=\"https:\/\/canperetdelmoli.cat\/horta\/qui-som\/\" \/>\n<meta property=\"article:modified_time\" content=\"2024-02-10T19:12:59+00:00\" \/>\n<meta property=\"og:image\" content=\"https:\/\/canperetdelmoli.cat\/horta\/wp-content\/uploads\/2024\/02\/IMG-20230306-WA0001-768x1024.jpg\" \/>\n<meta name=\"twitter:card\" content=\"summary_large_image\" \/>\n<meta name=\"twitter:label1\" content=\"Temps estimat de lectura\" \/>\n\t<meta name=\"twitter:data1\" content=\"1 minut\" \/>\n<script type=\"application\/ld+json\" class=\"yoast-schema-graph\">{\"@context\":\"https:\/\/schema.org\",\"@graph\":[{\"@type\":\"WebPage\",\"@id\":\"https:\/\/canperetdelmoli.cat\/horta\/qui-som\/\",\"url\":\"https:\/\/canperetdelmoli.cat\/horta\/qui-som\/\",\"name\":\"Qui Som -\",\"isPartOf\":{\"@id\":\"https:\/\/canperetdelmoli.cat\/horta\/#website\"},\"primaryImageOfPage\":{\"@id\":\"https:\/\/canperetdelmoli.cat\/horta\/qui-som\/#primaryimage\"},\"image\":{\"@id\":\"https:\/\/canperetdelmoli.cat\/horta\/qui-som\/#primaryimage\"},\"thumbnailUrl\":\"https:\/\/canperetdelmoli.cat\/horta\/wp-content\/uploads\/2024\/02\/IMG-20230306-WA0001-768x1024.jpg\",\"datePublished\":\"2024-02-10T08:59:10+00:00\",\"dateModified\":\"2024-02-10T19:12:59+00:00\",\"breadcrumb\":{\"@id\":\"https:\/\/canperetdelmoli.cat\/horta\/qui-som\/#breadcrumb\"},\"inLanguage\":\"ca\",\"potentialAction\":[{\"@type\":\"ReadAction\",\"target\":[\"https:\/\/canperetdelmoli.cat\/horta\/qui-som\/\"]}]},{\"@type\":\"ImageObject\",\"inLanguage\":\"ca\",\"@id\":\"https:\/\/canperetdelmoli.cat\/horta\/qui-som\/#primaryimage\",\"url\":\"https:\/\/canperetdelmoli.cat\/horta\/wp-content\/uploads\/2024\/02\/IMG-20230306-WA0001.jpg\",\"contentUrl\":\"https:\/\/canperetdelmoli.cat\/horta\/wp-content\/uploads\/2024\/02\/IMG-20230306-WA0001.jpg\",\"width\":1200,\"height\":1600},{\"@type\":\"BreadcrumbList\",\"@id\":\"https:\/\/canperetdelmoli.cat\/horta\/qui-som\/#breadcrumb\",\"itemListElement\":[{\"@type\":\"ListItem\",\"position\":1,\"name\":\"Inici\",\"item\":\"https:\/\/canperetdelmoli.cat\/horta\/\"},{\"@type\":\"ListItem\",\"position\":2,\"name\":\"Qui Som\"}]},{\"@type\":\"WebSite\",\"@id\":\"https:\/\/canperetdelmoli.cat\/horta\/#website\",\"url\":\"https:\/\/canperetdelmoli.cat\/horta\/\",\"name\":\"canperetdelmoli.cat\/horta\",\"description\":\"\",\"publisher\":{\"@id\":\"https:\/\/canperetdelmoli.cat\/horta\/#\/schema\/person\/35ce9c5c9a8ef1ae8030f45abc8ae7ba\"},\"potentialAction\":[{\"@type\":\"SearchAction\",\"target\":{\"@type\":\"EntryPoint\",\"urlTemplate\":\"https:\/\/canperetdelmoli.cat\/horta\/?s={search_term_string}\"},\"query-input\":\"required name=search_term_string\"}],\"inLanguage\":\"ca\"},{\"@type\":[\"Person\",\"Organization\"],\"@id\":\"https:\/\/canperetdelmoli.cat\/horta\/#\/schema\/person\/35ce9c5c9a8ef1ae8030f45abc8ae7ba\",\"name\":\"Carla Triad\u00fa\",\"image\":{\"@type\":\"ImageObject\",\"inLanguage\":\"ca\",\"@id\":\"https:\/\/canperetdelmoli.cat\/horta\/#\/schema\/person\/image\/\",\"url\":\"https:\/\/canperetdelmoli.cat\/horta\/wp-content\/uploads\/2024\/02\/cropped-logo_canperet_retallat_250.png\",\"contentUrl\":\"https:\/\/canperetdelmoli.cat\/horta\/wp-content\/uploads\/2024\/02\/cropped-logo_canperet_retallat_250.png\",\"width\":221,\"height\":223,\"caption\":\"Carla Triad\u00fa\"},\"logo\":{\"@id\":\"https:\/\/canperetdelmoli.cat\/horta\/#\/schema\/person\/image\/\"}}]}<\/script>\n<!-- \/ Yoast SEO plugin. -->","yoast_head_json":{"title":"Qui Som -","robots":{"index":"index","follow":"follow","max-snippet":"max-snippet:-1","max-image-preview":"max-image-preview:large","max-video-preview":"max-video-preview:-1"},"canonical":"https:\/\/canperetdelmoli.cat\/horta\/qui-som\/","og_locale":"ca_ES","og_type":"article","og_title":"Qui Som -","og_description":"Som l\u2019Arnau i la Carla. A l\u2019estiu del 2022 ens vam mudar a Can Peret del Mol\u00ed, una masia a la vall del Ser de Seriny\u00e0, al Pla de l\u2019Estany. Aqu\u00ed \u00e9s on tenim l\u2019horta, l\u2019hivernacle on ens fem el planter i on ens acompanyen euges i ases.Va ser al 2022 quan vam fer el ... Llegiu m\u00e9s","og_url":"https:\/\/canperetdelmoli.cat\/horta\/qui-som\/","article_modified_time":"2024-02-10T19:12:59+00:00","og_image":[{"url":"https:\/\/canperetdelmoli.cat\/horta\/wp-content\/uploads\/2024\/02\/IMG-20230306-WA0001-768x1024.jpg"}],"twitter_card":"summary_large_image","twitter_misc":{"Temps estimat de lectura":"1 minut"},"schema":{"@context":"https:\/\/schema.org","@graph":[{"@type":"WebPage","@id":"https:\/\/canperetdelmoli.cat\/horta\/qui-som\/","url":"https:\/\/canperetdelmoli.cat\/horta\/qui-som\/","name":"Qui Som -","isPartOf":{"@id":"https:\/\/canperetdelmoli.cat\/horta\/#website"},"primaryImageOfPage":{"@id":"https:\/\/canperetdelmoli.cat\/horta\/qui-som\/#primaryimage"},"image":{"@id":"https:\/\/canperetdelmoli.cat\/horta\/qui-som\/#primaryimage"},"thumbnailUrl":"https:\/\/canperetdelmoli.cat\/horta\/wp-content\/uploads\/2024\/02\/IMG-20230306-WA0001-768x1024.jpg","datePublished":"2024-02-10T08:59:10+00:00","dateModified":"2024-02-10T19:12:59+00:00","breadcrumb":{"@id":"https:\/\/canperetdelmoli.cat\/horta\/qui-som\/#breadcrumb"},"inLanguage":"ca","potentialAction":[{"@type":"ReadAction","target":["https:\/\/canperetdelmoli.cat\/horta\/qui-som\/"]}]},{"@type":"ImageObject","inLanguage":"ca","@id":"https:\/\/canperetdelmoli.cat\/horta\/qui-som\/#primaryimage","url":"https:\/\/canperetdelmoli.cat\/horta\/wp-content\/uploads\/2024\/02\/IMG-20230306-WA0001.jpg","contentUrl":"https:\/\/canperetdelmoli.cat\/horta\/wp-content\/uploads\/2024\/02\/IMG-20230306-WA0001.jpg","width":1200,"height":1600},{"@type":"BreadcrumbList","@id":"https:\/\/canperetdelmoli.cat\/horta\/qui-som\/#breadcrumb","itemListElement":[{"@type":"ListItem","position":1,"name":"Inici","item":"https:\/\/canperetdelmoli.cat\/horta\/"},{"@type":"ListItem","position":2,"name":"Qui Som"}]},{"@type":"WebSite","@id":"https:\/\/canperetdelmoli.cat\/horta\/#website","url":"https:\/\/canperetdelmoli.cat\/horta\/","name":"canperetdelmoli.cat\/horta","description":"","publisher":{"@id":"https:\/\/canperetdelmoli.cat\/horta\/#\/schema\/person\/35ce9c5c9a8ef1ae8030f45abc8ae7ba"},"potentialAction":[{"@type":"SearchAction","target":{"@type":"EntryPoint","urlTemplate":"https:\/\/canperetdelmoli.cat\/horta\/?s={search_term_string}"},"query-input":"required name=search_term_string"}],"inLanguage":"ca"},{"@type":["Person","Organization"],"@id":"https:\/\/canperetdelmoli.cat\/horta\/#\/schema\/person\/35ce9c5c9a8ef1ae8030f45abc8ae7ba","name":"Carla Triad\u00fa","image":{"@type":"ImageObject","inLanguage":"ca","@id":"https:\/\/canperetdelmoli.cat\/horta\/#\/schema\/person\/image\/","url":"https:\/\/canperetdelmoli.cat\/horta\/wp-content\/uploads\/2024\/02\/cropped-logo_canperet_retallat_250.png","contentUrl":"https:\/\/canperetdelmoli.cat\/horta\/wp-content\/uploads\/2024\/02\/cropped-logo_canperet_retallat_250.png","width":221,"height":223,"caption":"Carla Triad\u00fa"},"logo":{"@id":"https:\/\/canperetdelmoli.cat\/horta\/#\/schema\/person\/image\/"}}]}},"_links":{"self":[{"href":"https:\/\/canperetdelmoli.cat\/horta\/wp-json\/wp\/v2\/pages\/56","targetHints":{"allow":["GET"]}}],"collection":[{"href":"https:\/\/canperetdelmoli.cat\/horta\/wp-json\/wp\/v2\/pages"}],"about":[{"href":"https:\/\/canperetdelmoli.cat\/horta\/wp-json\/wp\/v2\/types\/page"}],"author":[{"embeddable":true,"href":"https:\/\/canperetdelmoli.cat\/horta\/wp-json\/wp\/v2\/users\/1"}],"replies":[{"embeddable":true,"href":"https:\/\/canperetdelmoli.cat\/horta\/wp-json\/wp\/v2\/comments?post=56"}],"version-history":[{"count":3,"href":"https:\/\/canperetdelmoli.cat\/horta\/wp-json\/wp\/v2\/pages\/56\/revisions"}],"predecessor-version":[{"id":73,"href":"https:\/\/canperetdelmoli.cat\/horta\/wp-json\/wp\/v2\/pages\/56\/revisions\/73"}],"wp:attachment":[{"href":"https:\/\/canperetdelmoli.cat\/horta\/wp-json\/wp\/v2\/media?parent=56"}],"curies":[{"name":"wp","href":"https:\/\/api.w.org\/{rel}","templated":true}]}}

<p class="has-medium-font-size">Som l’Arnau i la Carla. A l’estiu del 2022 ens vam mudar a Can Peret del Molí, una masia a la vall del Ser de Serinyà, al Pla de l’Estany. Aquí és on tenim l’horta, l’hivernacle on ens fem el planter i on ens acompanyen euges i ases.<br>Va ser al 2022 quan vam fer el tancat per l’hort per evitar intrusos i on vam preparar la terra per començar a cultivar.<br>El 2023 va ser el primer any sencer de cultivar la terra i obtenir verdures. Com ens va anar esplèndidament bé, ens sentim amb capacitat i ganes d’oferir les nostres verdures. </p>



<p class="has-medium-font-size">De fet vam vendre l’excedent en cistelles amb verdura variada acabada de collir. Creiem en la venda directa sense intermediaris, perquè ens agrada la relació amb el client, cosa que valorem molt. </p>



<p class="has-medium-font-size">Ens agrada poder-vos oferir una verdures de qualitat i acabats de collir.</p>



<figure data-wp-context="{&quot;imageId&quot;:&quot;69f2776f7157c&quot;}" data-wp-interactive="core/image" data-wp-key="69f2776f7157c" class="wp-block-image size-large is-resized wp-lightbox-container"><img loading="lazy" decoding="async" width="768" height="1024" data-wp-class--hide="state.isContentHidden" data-wp-class--show="state.isContentVisible" data-wp-init="callbacks.setButtonStyles" data-wp-on--click="actions.showLightbox" data-wp-on--load="callbacks.setButtonStyles" data-wp-on-window--resize="callbacks.setButtonStyles" src="https://canperetdelmoli.cat/horta/wp-content/uploads/2024/02/IMG-20230306-WA0001-768x1024.jpg" alt="" class="wp-image-57" style="width:1500px" srcset="https://canperetdelmoli.cat/horta/wp-content/uploads/2024/02/IMG-20230306-WA0001-768x1024.jpg 768w, https://canperetdelmoli.cat/horta/wp-content/uploads/2024/02/IMG-20230306-WA0001-225x300.jpg 225w, https://canperetdelmoli.cat/horta/wp-content/uploads/2024/02/IMG-20230306-WA0001-1152x1536.jpg 1152w, https://canperetdelmoli.cat/horta/wp-content/uploads/2024/02/IMG-20230306-WA0001.jpg 1200w" sizes="auto, (max-width: 768px) 100vw, 768px" /><button
			class="lightbox-trigger"
			type="button"
			aria-haspopup="dialog"
			aria-label="Amplia"
			data-wp-init="callbacks.initTriggerButton"
			data-wp-on--click="actions.showLightbox"
			data-wp-style--right="state.imageButtonRight"
			data-wp-style--top="state.imageButtonTop"
		>
			<svg xmlns="http://www.w3.org/2000/svg" width="12" height="12" fill="none" viewBox="0 0 12 12">
				<path fill="#fff" d="M2 0a2 2 0 0 0-2 2v2h1.5V2a.5.5 0 0 1 .5-.5h2V0H2Zm2 10.5H2a.5.5 0 0 1-.5-.5V8H0v2a2 2 0 0 0 2 2h2v-1.5ZM8 12v-1.5h2a.5.5 0 0 0 .5-.5V8H12v2a2 2 0 0 1-2 2H8Zm2-12a2 2 0 0 1 2 2v2h-1.5V2a.5.5 0 0 0-.5-.5H8V0h2Z" />
			</svg>
		</button></figure>

<p>Som l’Arnau i la Carla. A l’estiu del 2022 ens vam mudar a Can Peret del Molí, una masia a la vall del Ser de Serinyà, al Pla de l’Estany. Aquí és on tenim l’horta, l’hivernacle on ens fem el planter i on ens acompanyen euges i ases.Va ser al 2022 quan vam fer el &#8230; <a title="Qui Som" class="read-more" href="https://canperetdelmoli.cat/horta/qui-som/" aria-label="Més informació sobre Qui Som">Llegiu més</a></p>

<!-- This site is optimized with the Yoast SEO plugin v22.3 - https://yoast.com/wordpress/plugins/seo/ -->
<title>Qui Som -</title>
<meta name="robots" content="index, follow, max-snippet:-1, max-image-preview:large, max-video-preview:-1" />
<link rel="canonical" href="https://canperetdelmoli.cat/horta/qui-som/" />
<meta property="og:locale" content="ca_ES" />
<meta property="og:type" content="article" />
<meta property="og:title" content="Qui Som -" />
<meta property="og:description" content="Som l’Arnau i la Carla. A l’estiu del 2022 ens vam mudar a Can Peret del Molí, una masia a la vall del Ser de Serinyà, al Pla de l’Estany. Aquí és on tenim l’horta, l’hivernacle on ens fem el planter i on ens acompanyen euges i ases.Va ser al 2022 quan vam fer el ... Llegiu més" />
<meta property="og:url" content="https://canperetdelmoli.cat/horta/qui-som/" />
<meta property="article:modified_time" content="2024-02-10T19:12:59+00:00" />
<meta property="og:image" content="https://canperetdelmoli.cat/horta/wp-content/uploads/2024/02/IMG-20230306-WA0001-768x1024.jpg" />
<meta name="twitter:card" content="summary_large_image" />
<meta name="twitter:label1" content="Temps estimat de lectura" />
	<meta name="twitter:data1" content="1 minut" />
<script type="application/ld+json" class="yoast-schema-graph">{"@context":"https://schema.org","@graph":[{"@type":"WebPage","@id":"https://canperetdelmoli.cat/horta/qui-som/","url":"https://canperetdelmoli.cat/horta/qui-som/","name":"Qui Som -","isPartOf":{"@id":"https://canperetdelmoli.cat/horta/#website"},"primaryImageOfPage":{"@id":"https://canperetdelmoli.cat/horta/qui-som/#primaryimage"},"image":{"@id":"https://canperetdelmoli.cat/horta/qui-som/#primaryimage"},"thumbnailUrl":"https://canperetdelmoli.cat/horta/wp-content/uploads/2024/02/IMG-20230306-WA0001-768x1024.jpg","datePublished":"2024-02-10T08:59:10+00:00","dateModified":"2024-02-10T19:12:59+00:00","breadcrumb":{"@id":"https://canperetdelmoli.cat/horta/qui-som/#breadcrumb"},"inLanguage":"ca","potentialAction":[{"@type":"ReadAction","target":["https://canperetdelmoli.cat/horta/qui-som/"]}]},{"@type":"ImageObject","inLanguage":"ca","@id":"https://canperetdelmoli.cat/horta/qui-som/#primaryimage","url":"https://canperetdelmoli.cat/horta/wp-content/uploads/2024/02/IMG-20230306-WA0001.jpg","contentUrl":"https://canperetdelmoli.cat/horta/wp-content/uploads/2024/02/IMG-20230306-WA0001.jpg","width":1200,"height":1600},{"@type":"BreadcrumbList","@id":"https://canperetdelmoli.cat/horta/qui-som/#breadcrumb","itemListElement":[{"@type":"ListItem","position":1,"name":"Inici","item":"https://canperetdelmoli.cat/horta/"},{"@type":"ListItem","position":2,"name":"Qui Som"}]},{"@type":"WebSite","@id":"https://canperetdelmoli.cat/horta/#website","url":"https://canperetdelmoli.cat/horta/","name":"canperetdelmoli.cat/horta","description":"","publisher":{"@id":"https://canperetdelmoli.cat/horta/#/schema/person/35ce9c5c9a8ef1ae8030f45abc8ae7ba"},"potentialAction":[{"@type":"SearchAction","target":{"@type":"EntryPoint","urlTemplate":"https://canperetdelmoli.cat/horta/?s={search_term_string}"},"query-input":"required name=search_term_string"}],"inLanguage":"ca"},{"@type":["Person","Organization"],"@id":"https://canperetdelmoli.cat/horta/#/schema/person/35ce9c5c9a8ef1ae8030f45abc8ae7ba","name":"Carla Triadú","image":{"@type":"ImageObject","inLanguage":"ca","@id":"https://canperetdelmoli.cat/horta/#/schema/person/image/","url":"https://canperetdelmoli.cat/horta/wp-content/uploads/2024/02/cropped-logo_canperet_retallat_250.png","contentUrl":"https://canperetdelmoli.cat/horta/wp-content/uploads/2024/02/cropped-logo_canperet_retallat_250.png","width":221,"height":223,"caption":"Carla Triadú"},"logo":{"@id":"https://canperetdelmoli.cat/horta/#/schema/person/image/"}}]}</script>
<!-- / Yoast SEO plugin. -->

Som l’Arnau i la Carla. A l’estiu del 2022 ens vam mudar a Can Peret del Molí, una masia a la vall del Ser de Serinyà, al Pla de l’Estany. Aquí és on tenim l’horta, l’hivernacle on ens fem el planter i on ens acompanyen euges i ases.Va ser al 2022 quan vam fer el ... Llegiu més

Carla Triadú
