{"id":92,"date":"2024-01-09T12:41:27","date_gmt":"2024-01-09T11:41:27","guid":{"rendered":"https:\/\/canperetdelmoli.cat\/coaching\/?page_id=92"},"modified":"2024-03-08T18:10:13","modified_gmt":"2024-03-08T17:10:13","slug":"equins","status":"publish","type":"page","link":"https:\/\/canperetdelmoli.cat\/coaching\/equins\/","title":{"rendered":"Equins"},"content":{"rendered":"\n<div class=\"wp-block-media-text alignwide is-stacked-on-mobile\"><figure class=\"wp-block-media-text__media\"><img loading=\"lazy\" decoding=\"async\" width=\"1024\" height=\"1024\" src=\"https:\/\/canperetdelmoli.cat\/coaching\/wp-content\/uploads\/2024\/01\/martina-1024x1024.jpg\" alt=\"\" class=\"wp-image-93 size-full\" srcset=\"https:\/\/canperetdelmoli.cat\/coaching\/wp-content\/uploads\/2024\/01\/martina-1024x1024.jpg 1024w, https:\/\/canperetdelmoli.cat\/coaching\/wp-content\/uploads\/2024\/01\/martina-300x300.jpg 300w, https:\/\/canperetdelmoli.cat\/coaching\/wp-content\/uploads\/2024\/01\/martina-150x150.jpg 150w, https:\/\/canperetdelmoli.cat\/coaching\/wp-content\/uploads\/2024\/01\/martina-768x768.jpg 768w, https:\/\/canperetdelmoli.cat\/coaching\/wp-content\/uploads\/2024\/01\/martina.jpg 1128w\" sizes=\"auto, (max-width: 1024px) 100vw, 1024px\" \/><\/figure><div class=\"wp-block-media-text__content\">\n<pre class=\"wp-block-preformatted has-medium-font-size\">La Divina \u00e9s una euga de pura ra\u00e7a espanyola que va n\u00e9ixer l\u2019any 2013 en una eugada de cavalls de pura ra\u00e7a espanyola. T\u00e9 una l\u00ednia de sang molt bona per\u00f2 que per desgr\u00e0cia quan tenia 6 anys la van fer criar per seguir la l\u00ednia de sang i es va posar de part una nit, amb la mala sort que va tenir una complicaci\u00f3 en el part\u00a0quan el poltre se li va quedar encallat i de l\u2019esfor\u00e7 per treure\u2019l se li va fer la gran hernia que t\u00e9 a dia d\u2019avui. Era una euga que degut a l'hernia no es podia muntar i evidentment tampoc es podia vendre. Com el propietari, un gran amant dels cavalls, no la volia sacrificar, es va posar en contacte amb mi i me la va cedir perqu\u00e8 pogu\u00e9s viure en manada i amb semi-llibertat. \u00c9s la euga m\u00e9s jove de casa i \u00e9s molt afectuosa i sempre se t\u2019acosta per coneixe\u2019t i per veure si et treu una car\u00edcia. Que no t\u2019enganyi la seva mida, ja que tot el que t\u00e9 de gran silueta ho t\u00e9 de gran cor.<\/pre>\n<\/div><\/div>\n\n\n\n<p><\/p>\n\n\n\n<div class=\"wp-block-media-text alignwide has-media-on-the-right is-stacked-on-mobile is-vertically-aligned-center\"><div class=\"wp-block-media-text__content\">\n<pre class=\"wp-block-preformatted has-medium-font-size\">La Martina \u00e9s una euga de ra\u00e7a camargu\u00e8s, t\u00edpic de la regi\u00f3 de la Camarga del sud de Fran\u00e7a. \u00c9s una ra\u00e7a que \u00e9s capa\u00e7 de sobreviure en condicions extremes i tot i que t\u00e9 una estatura m\u00e9s petita, t\u00e9 molta for\u00e7a i \u00e9s molt robusta. \u00c9s una euga que va n\u00e9ixer l\u2019any 2002 i la tenien en una finca privada, on la utilitzaven per netejar les canyes d\u2019un reg per tenir la finca neta i on, a m\u00e9s a m\u00e9s, li tiraven les sobres de menjar de casa. Estava en molt males condicions i de fet, els seus germans havien mort en aquest reg ofegats en algun aiguat. Molt sovint s\u2019escapava de la finca i l\u2019havien de perseguir i acorralar per atrapar-la. Despr\u00e9s de pressionar i parlar amb el propietari va decidir donar-la per aix\u00ed poder-li oferir una nova vida amb una nova fam\u00edlia i el seu propi espai. \u00c9s una euga que degut a la seva historia de maltractaments, \u00e9s m\u00e9s reservada i no \u00e9s gaire sociable, ja que segurament ha perdut la confian\u00e7a amb les persones. Porta amb mi des de l\u2019any 2019 i despr\u00e9s de moltes estones junts, molta paci\u00e8ncia i respecte, ha fet un canvi espectacular i sovint demana participar a les sessions de coaching. Quan la vaig veure la primera vegada, nom\u00e9s acostar-te ja et mossegava i ara per ara, es deixa tocar, posar ramal i fins i tot pentinar. El que si que \u00e9s cert, \u00e9s que necessita el seu espai i quan no vol relacionar-se \u00e9s molt expressiva i ho demostra amb un simple moviment d\u2019orelles. Tot i aix\u00ed, la considero una euga molt sabia i amb molta lli\u00e7\u00f3 de vida i des del seu propi espai personal t\u00e9 molt a dir.<\/pre>\n<\/div><figure class=\"wp-block-media-text__media\"><img loading=\"lazy\" decoding=\"async\" width=\"1024\" height=\"768\" src=\"https:\/\/canperetdelmoli.cat\/coaching\/wp-content\/uploads\/2024\/01\/martina-1-1024x768.jpg\" alt=\"\" class=\"wp-image-94 size-full\" srcset=\"https:\/\/canperetdelmoli.cat\/coaching\/wp-content\/uploads\/2024\/01\/martina-1-1024x768.jpg 1024w, https:\/\/canperetdelmoli.cat\/coaching\/wp-content\/uploads\/2024\/01\/martina-1-300x225.jpg 300w, https:\/\/canperetdelmoli.cat\/coaching\/wp-content\/uploads\/2024\/01\/martina-1-768x576.jpg 768w, https:\/\/canperetdelmoli.cat\/coaching\/wp-content\/uploads\/2024\/01\/martina-1.jpg 1192w\" sizes=\"auto, (max-width: 1024px) 100vw, 1024px\" \/><\/figure><\/div>\n\n\n\n<div class=\"wp-block-media-text alignwide is-stacked-on-mobile\"><figure class=\"wp-block-media-text__media\"><img loading=\"lazy\" decoding=\"async\" width=\"1024\" height=\"768\" src=\"https:\/\/canperetdelmoli.cat\/coaching\/wp-content\/uploads\/2024\/01\/ribayaz-1024x768.jpg\" alt=\"\" class=\"wp-image-95 size-full\" srcset=\"https:\/\/canperetdelmoli.cat\/coaching\/wp-content\/uploads\/2024\/01\/ribayaz-1024x768.jpg 1024w, https:\/\/canperetdelmoli.cat\/coaching\/wp-content\/uploads\/2024\/01\/ribayaz-300x225.jpg 300w, https:\/\/canperetdelmoli.cat\/coaching\/wp-content\/uploads\/2024\/01\/ribayaz-768x576.jpg 768w, https:\/\/canperetdelmoli.cat\/coaching\/wp-content\/uploads\/2024\/01\/ribayaz.jpg 1299w\" sizes=\"auto, (max-width: 1024px) 100vw, 1024px\" \/><\/figure><div class=\"wp-block-media-text__content\">\n<pre class=\"wp-block-preformatted has-medium-font-size\">La Ribayaz, nosaltres li diem Ribis, \u00e9s una euga del 2005 de ra\u00e7a KWPN, que significa cavall holand\u00e8s de sang calenta. \u00c9s una ra\u00e7a de cavall moderna que es sol utilitzar per la doma o el salt. De fet, la Ribis era una euga que competia amb doma cl\u00e0ssica i \u00e9s per aix\u00f2 que de les tres eugues que tenim, \u00e9s la que est\u00e0 m\u00e9s domada i treballada. La seva historia \u00e9s que la van donar d\u2019entrada en una eugada per comprar un altre cavall, ja que a la eugada li interessava la seva l\u00ednia de sang per creuar-la. La van fer cobrir dues vegades per qu\u00e8 don\u00e9s poltres, sense cap \u00e8xit i despr\u00e9s dels dos intents, van decidir donar-la perqu\u00e8 no els interessava, ni per competir ni per criar. Aix\u00ed doncs, l\u2019home que em va donar la Divina, es va posar en contacte amb mi per veure si estava interessat i donar-li una nova oportunitat. \u00c9s una euga amb molta energia i car\u00e0cter de cares a la resta de la manada, per\u00f2 amb les persones \u00e9s un encant i sempre est\u00e0 disposada a fer el que li demanis. \u00c9s una euga molt noble i afable i tot i el seu nervi degut a la ra\u00e7a, \u00e9s una euga espectacular amb molt a dir i a ensenyar.<\/pre>\n<\/div><\/div>\n\n\n\n<div style=\"height:100px\" aria-hidden=\"true\" class=\"wp-block-spacer\"><\/div>\n\n\n<div class=\"wp-block-image\">\n<figure class=\"aligncenter size-large\"><img loading=\"lazy\" decoding=\"async\" width=\"1024\" height=\"769\" src=\"https:\/\/canperetdelmoli.cat\/coaching\/wp-content\/uploads\/2024\/01\/ases-1024x769.jpg\" alt=\"\" class=\"wp-image-96\" srcset=\"https:\/\/canperetdelmoli.cat\/coaching\/wp-content\/uploads\/2024\/01\/ases-1024x769.jpg 1024w, https:\/\/canperetdelmoli.cat\/coaching\/wp-content\/uploads\/2024\/01\/ases-300x225.jpg 300w, https:\/\/canperetdelmoli.cat\/coaching\/wp-content\/uploads\/2024\/01\/ases-768x576.jpg 768w, https:\/\/canperetdelmoli.cat\/coaching\/wp-content\/uploads\/2024\/01\/ases.jpg 1299w\" sizes=\"auto, (max-width: 1024px) 100vw, 1024px\" \/><\/figure>\n<\/div>\n\n\n<p><\/p>\n\n\n\n<p class=\"has-medium-font-size\">La Paquita va n\u00e9ixer l\u2019any 2010 i \u00e9s la mare d\u2019en Bruc i de la Vinya, les altres dos ases. La Paquita havia estat en una granja escola i la Carla, la meva parella, la va acollir a casa seva quan ja no els hi feia servei. A m\u00e9s a m\u00e9s, quan la va acollir estava embarassada de la Vinya, que va n\u00e9ixer l\u2019any 2018 a la finca anomenada la Vinya on vivia la Carla, aix\u00ed que va decidir posar-li el nom de la finca a la nova inquilina.<\/p>\n\n\n\n<p class=\"has-medium-font-size\">Un dia que la Carla era fora de casa, va entrar un ase a la finca i va muntar un altre cop a la Paquita i tot i que la Carla quan va arribar es va trobar amb l\u2019ase, ja no hi va arribar a temps i l\u2019\u00fanic que va poder fer era fer-lo fora. Aix\u00ed va ser com va arribar en Bruc l\u2019any 2019. Aix\u00ed doncs, formen una fam\u00edlia de tres impressionant que fan de casa nostre un lloc m\u00e9s acollidor encara.<\/p>\n\n\n\n<p class=\"has-medium-font-size\">La Paquita \u00e9s una ase amb una mirada plena de saviesa que nom\u00e9s amb la seva presencia ja et parla. Sempre va al seu ritme, sense pressa per\u00f2 senyalant el cam\u00ed, normalment el m\u00e9s f\u00e0cil, perqu\u00e8 val a dir, que tamb\u00e9 \u00e9s un xic maldestre. No diu mai que no a un trosset de pa o a una llaminadura equina i tots els seus moviments sempre et transmeten molta pau i serenitat. La Vinya, \u00e9s una ase molt en\u00e8rgica i amb car\u00e0cter, t\u00e9 molt present el seu espai i li agrada que el respectin. Acostuma a ser la m\u00e9s xerraire de casa i li agrada molt xerrar amb les ases ve\u00efnes de la vall on vivim. \u00c9s un xic despistada i li agrada investigar pel bosc i quan se\u2019n adona que la resta ha marxat comen\u00e7a a c\u00f3rrer i a cridar en busca dels seus. En Bruc, \u00e9s l\u2019ase m\u00e9s jove i m\u00e9s juganer, aix\u00ed que si no est\u00e0s a l\u2019aguait, \u00e9s probable que se\u2019t acosti i et faci un copet de cap reclamant una car\u00edcia o que li rasquis el cul. T\u00e9 una personalitat molt innocent i simp\u00e0tica i sempre busca jugar amb la Vinya o amb els gossos de casa.<\/p>\n\n\n\n<p class=\"has-medium-font-size\">La veritat que al veure sempre als tres junts i veure com s\u2019endinsen plegats al bosc, dona una sensaci\u00f3 de serenor i tendresa molt bonica i sempre et regala un somriure.<\/p>\n","protected":false},"excerpt":{"rendered":"<p>La Divina \u00e9s una euga de pura ra\u00e7a espanyola que va n\u00e9ixer l\u2019any 2013 en una eugada de cavalls de pura ra\u00e7a espanyola. T\u00e9 una l\u00ednia de sang molt bona per\u00f2 que per desgr\u00e0cia quan tenia 6 anys la van fer criar per seguir la l\u00ednia de sang i es va posar de part una &#8230; <a title=\"Equins\" class=\"read-more\" href=\"https:\/\/canperetdelmoli.cat\/coaching\/equins\/\" aria-label=\"M\u00e9s informaci\u00f3 sobre Equins\">Llegiu m\u00e9s<\/a><\/p>\n","protected":false},"author":1,"featured_media":0,"parent":0,"menu_order":0,"comment_status":"closed","ping_status":"closed","template":"","meta":{"ngg_post_thumbnail":0,"footnotes":""},"class_list":["post-92","page","type-page","status-publish"],"yoast_head":"<!-- This site is optimized with the Yoast SEO plugin v25.1 - https:\/\/yoast.com\/wordpress\/plugins\/seo\/ -->\n<title>Equins - Coaching CanPeret del Moli<\/title>\n<meta name=\"robots\" content=\"index, follow, max-snippet:-1, max-image-preview:large, max-video-preview:-1\" \/>\n<link rel=\"canonical\" href=\"https:\/\/canperetdelmoli.cat\/coaching\/equins\/\" \/>\n<meta property=\"og:locale\" content=\"ca_ES\" \/>\n<meta property=\"og:type\" content=\"article\" \/>\n<meta property=\"og:title\" content=\"Equins - Coaching CanPeret del Moli\" \/>\n<meta property=\"og:description\" content=\"La Divina \u00e9s una euga de pura ra\u00e7a espanyola que va n\u00e9ixer l\u2019any 2013 en una eugada de cavalls de pura ra\u00e7a espanyola. T\u00e9 una l\u00ednia de sang molt bona per\u00f2 que per desgr\u00e0cia quan tenia 6 anys la van fer criar per seguir la l\u00ednia de sang i es va posar de part una ... Llegiu m\u00e9s\" \/>\n<meta property=\"og:url\" content=\"https:\/\/canperetdelmoli.cat\/coaching\/equins\/\" \/>\n<meta property=\"og:site_name\" content=\"Coaching CanPeret del Moli\" \/>\n<meta property=\"article:modified_time\" content=\"2024-03-08T17:10:13+00:00\" \/>\n<meta property=\"og:image\" content=\"https:\/\/canperetdelmoli.cat\/coaching\/wp-content\/uploads\/2024\/01\/martina-1024x1024.jpg\" \/>\n<meta name=\"twitter:card\" content=\"summary_large_image\" \/>\n<meta name=\"twitter:label1\" content=\"Temps estimat de lectura\" \/>\n\t<meta name=\"twitter:data1\" content=\"6 minuts\" \/>\n<script type=\"application\/ld+json\" class=\"yoast-schema-graph\">{\"@context\":\"https:\/\/schema.org\",\"@graph\":[{\"@type\":\"WebPage\",\"@id\":\"https:\/\/canperetdelmoli.cat\/coaching\/equins\/\",\"url\":\"https:\/\/canperetdelmoli.cat\/coaching\/equins\/\",\"name\":\"Equins - Coaching CanPeret del Moli\",\"isPartOf\":{\"@id\":\"https:\/\/canperetdelmoli.cat\/coaching\/#website\"},\"primaryImageOfPage\":{\"@id\":\"https:\/\/canperetdelmoli.cat\/coaching\/equins\/#primaryimage\"},\"image\":{\"@id\":\"https:\/\/canperetdelmoli.cat\/coaching\/equins\/#primaryimage\"},\"thumbnailUrl\":\"https:\/\/canperetdelmoli.cat\/coaching\/wp-content\/uploads\/2024\/01\/martina-1024x1024.jpg\",\"datePublished\":\"2024-01-09T11:41:27+00:00\",\"dateModified\":\"2024-03-08T17:10:13+00:00\",\"breadcrumb\":{\"@id\":\"https:\/\/canperetdelmoli.cat\/coaching\/equins\/#breadcrumb\"},\"inLanguage\":\"ca\",\"potentialAction\":[{\"@type\":\"ReadAction\",\"target\":[\"https:\/\/canperetdelmoli.cat\/coaching\/equins\/\"]}]},{\"@type\":\"ImageObject\",\"inLanguage\":\"ca\",\"@id\":\"https:\/\/canperetdelmoli.cat\/coaching\/equins\/#primaryimage\",\"url\":\"https:\/\/canperetdelmoli.cat\/coaching\/wp-content\/uploads\/2024\/01\/martina.jpg\",\"contentUrl\":\"https:\/\/canperetdelmoli.cat\/coaching\/wp-content\/uploads\/2024\/01\/martina.jpg\",\"width\":1128,\"height\":1128},{\"@type\":\"BreadcrumbList\",\"@id\":\"https:\/\/canperetdelmoli.cat\/coaching\/equins\/#breadcrumb\",\"itemListElement\":[{\"@type\":\"ListItem\",\"position\":1,\"name\":\"Inici\",\"item\":\"https:\/\/canperetdelmoli.cat\/coaching\/\"},{\"@type\":\"ListItem\",\"position\":2,\"name\":\"Equins\"}]},{\"@type\":\"WebSite\",\"@id\":\"https:\/\/canperetdelmoli.cat\/coaching\/#website\",\"url\":\"https:\/\/canperetdelmoli.cat\/coaching\/\",\"name\":\"Coaching CanPeret del Moli\",\"description\":\"\",\"publisher\":{\"@id\":\"https:\/\/canperetdelmoli.cat\/coaching\/#\/schema\/person\/2232f6b2c28ff4fa727398dbd1ed6281\"},\"potentialAction\":[{\"@type\":\"SearchAction\",\"target\":{\"@type\":\"EntryPoint\",\"urlTemplate\":\"https:\/\/canperetdelmoli.cat\/coaching\/?s={search_term_string}\"},\"query-input\":{\"@type\":\"PropertyValueSpecification\",\"valueRequired\":true,\"valueName\":\"search_term_string\"}}],\"inLanguage\":\"ca\"},{\"@type\":[\"Person\",\"Organization\"],\"@id\":\"https:\/\/canperetdelmoli.cat\/coaching\/#\/schema\/person\/2232f6b2c28ff4fa727398dbd1ed6281\",\"name\":\"Arnau Rubio\",\"image\":{\"@type\":\"ImageObject\",\"inLanguage\":\"ca\",\"@id\":\"https:\/\/canperetdelmoli.cat\/coaching\/#\/schema\/person\/image\/\",\"url\":\"https:\/\/canperetdelmoli.cat\/coaching\/wp-content\/uploads\/2024\/01\/cropped-logo_web_coaching_600.png\",\"contentUrl\":\"https:\/\/canperetdelmoli.cat\/coaching\/wp-content\/uploads\/2024\/01\/cropped-logo_web_coaching_600.png\",\"width\":600,\"height\":597,\"caption\":\"Arnau Rubio\"},\"logo\":{\"@id\":\"https:\/\/canperetdelmoli.cat\/coaching\/#\/schema\/person\/image\/\"}}]}<\/script>\n<!-- \/ Yoast SEO plugin. -->","yoast_head_json":{"title":"Equins - Coaching CanPeret del Moli","robots":{"index":"index","follow":"follow","max-snippet":"max-snippet:-1","max-image-preview":"max-image-preview:large","max-video-preview":"max-video-preview:-1"},"canonical":"https:\/\/canperetdelmoli.cat\/coaching\/equins\/","og_locale":"ca_ES","og_type":"article","og_title":"Equins - Coaching CanPeret del Moli","og_description":"La Divina \u00e9s una euga de pura ra\u00e7a espanyola que va n\u00e9ixer l\u2019any 2013 en una eugada de cavalls de pura ra\u00e7a espanyola. T\u00e9 una l\u00ednia de sang molt bona per\u00f2 que per desgr\u00e0cia quan tenia 6 anys la van fer criar per seguir la l\u00ednia de sang i es va posar de part una ... Llegiu m\u00e9s","og_url":"https:\/\/canperetdelmoli.cat\/coaching\/equins\/","og_site_name":"Coaching CanPeret del Moli","article_modified_time":"2024-03-08T17:10:13+00:00","og_image":[{"url":"https:\/\/canperetdelmoli.cat\/coaching\/wp-content\/uploads\/2024\/01\/martina-1024x1024.jpg","type":"","width":"","height":""}],"twitter_card":"summary_large_image","twitter_misc":{"Temps estimat de lectura":"6 minuts"},"schema":{"@context":"https:\/\/schema.org","@graph":[{"@type":"WebPage","@id":"https:\/\/canperetdelmoli.cat\/coaching\/equins\/","url":"https:\/\/canperetdelmoli.cat\/coaching\/equins\/","name":"Equins - Coaching CanPeret del Moli","isPartOf":{"@id":"https:\/\/canperetdelmoli.cat\/coaching\/#website"},"primaryImageOfPage":{"@id":"https:\/\/canperetdelmoli.cat\/coaching\/equins\/#primaryimage"},"image":{"@id":"https:\/\/canperetdelmoli.cat\/coaching\/equins\/#primaryimage"},"thumbnailUrl":"https:\/\/canperetdelmoli.cat\/coaching\/wp-content\/uploads\/2024\/01\/martina-1024x1024.jpg","datePublished":"2024-01-09T11:41:27+00:00","dateModified":"2024-03-08T17:10:13+00:00","breadcrumb":{"@id":"https:\/\/canperetdelmoli.cat\/coaching\/equins\/#breadcrumb"},"inLanguage":"ca","potentialAction":[{"@type":"ReadAction","target":["https:\/\/canperetdelmoli.cat\/coaching\/equins\/"]}]},{"@type":"ImageObject","inLanguage":"ca","@id":"https:\/\/canperetdelmoli.cat\/coaching\/equins\/#primaryimage","url":"https:\/\/canperetdelmoli.cat\/coaching\/wp-content\/uploads\/2024\/01\/martina.jpg","contentUrl":"https:\/\/canperetdelmoli.cat\/coaching\/wp-content\/uploads\/2024\/01\/martina.jpg","width":1128,"height":1128},{"@type":"BreadcrumbList","@id":"https:\/\/canperetdelmoli.cat\/coaching\/equins\/#breadcrumb","itemListElement":[{"@type":"ListItem","position":1,"name":"Inici","item":"https:\/\/canperetdelmoli.cat\/coaching\/"},{"@type":"ListItem","position":2,"name":"Equins"}]},{"@type":"WebSite","@id":"https:\/\/canperetdelmoli.cat\/coaching\/#website","url":"https:\/\/canperetdelmoli.cat\/coaching\/","name":"Coaching CanPeret del Moli","description":"","publisher":{"@id":"https:\/\/canperetdelmoli.cat\/coaching\/#\/schema\/person\/2232f6b2c28ff4fa727398dbd1ed6281"},"potentialAction":[{"@type":"SearchAction","target":{"@type":"EntryPoint","urlTemplate":"https:\/\/canperetdelmoli.cat\/coaching\/?s={search_term_string}"},"query-input":{"@type":"PropertyValueSpecification","valueRequired":true,"valueName":"search_term_string"}}],"inLanguage":"ca"},{"@type":["Person","Organization"],"@id":"https:\/\/canperetdelmoli.cat\/coaching\/#\/schema\/person\/2232f6b2c28ff4fa727398dbd1ed6281","name":"Arnau Rubio","image":{"@type":"ImageObject","inLanguage":"ca","@id":"https:\/\/canperetdelmoli.cat\/coaching\/#\/schema\/person\/image\/","url":"https:\/\/canperetdelmoli.cat\/coaching\/wp-content\/uploads\/2024\/01\/cropped-logo_web_coaching_600.png","contentUrl":"https:\/\/canperetdelmoli.cat\/coaching\/wp-content\/uploads\/2024\/01\/cropped-logo_web_coaching_600.png","width":600,"height":597,"caption":"Arnau Rubio"},"logo":{"@id":"https:\/\/canperetdelmoli.cat\/coaching\/#\/schema\/person\/image\/"}}]}},"_links":{"self":[{"href":"https:\/\/canperetdelmoli.cat\/coaching\/wp-json\/wp\/v2\/pages\/92","targetHints":{"allow":["GET"]}}],"collection":[{"href":"https:\/\/canperetdelmoli.cat\/coaching\/wp-json\/wp\/v2\/pages"}],"about":[{"href":"https:\/\/canperetdelmoli.cat\/coaching\/wp-json\/wp\/v2\/types\/page"}],"author":[{"embeddable":true,"href":"https:\/\/canperetdelmoli.cat\/coaching\/wp-json\/wp\/v2\/users\/1"}],"replies":[{"embeddable":true,"href":"https:\/\/canperetdelmoli.cat\/coaching\/wp-json\/wp\/v2\/comments?post=92"}],"version-history":[{"count":8,"href":"https:\/\/canperetdelmoli.cat\/coaching\/wp-json\/wp\/v2\/pages\/92\/revisions"}],"predecessor-version":[{"id":541,"href":"https:\/\/canperetdelmoli.cat\/coaching\/wp-json\/wp\/v2\/pages\/92\/revisions\/541"}],"wp:attachment":[{"href":"https:\/\/canperetdelmoli.cat\/coaching\/wp-json\/wp\/v2\/media?parent=92"}],"curies":[{"name":"wp","href":"https:\/\/api.w.org\/{rel}","templated":true}]}}